*4/8 - v**3/2 + 20*v**2. Let h = -12 - -16. What is p(h)?
9
Let c(l) be the third derivative of -l**5/60 - 13*l**4/24 + 8*l**3 - 33*l**2. Let q be c(-16). Let y(w) = w**3 - w**2 + 5. Calculate y(q).
5
Let o(h) = 9*h + 163. Let k be o(-18). Let j(b) = -19*b**3 + 2*b**2 - b. What is j(k)?
-18
Let c(s) = 1 + 2*s - 7 + 89*s**2 + s**3 - 81*s**2 + 6*s. Give c(-7).
-13
Let j(y) be the second derivative of -y**5/120 - y**4/12 + 5*y**3 - 24*y. Let m(u) be the second derivative of j(u). Calculate m(-4).
2
Let n(s) = -5 - 3 + 14*s**2 + 2 + 16*s - 9 - s**3 + 4. Determine n(15).
4
Let i(s) = -4*s + 15. Let h(j) = -4*j + 16. Let c(w) = -5*h(w) + 6*i(w). Calculate c(3).
-2
Let c be (10/(-4))/(5/10). Let v(g) = -2*g**3 - g**2 - 4*g**2 + 10*g**2 + 2 - 1 + 3*g**3 - g. What is v(c)?
6
Let a = -9779/12 + 815. Let w(x) be the second derivative of 3/2*x**2 + 0 + x - a*x**4 + 1/6*x**3. Calculate w(-3).
-9
Suppose 5*q + 0 = -5, 4*s + 47 = 5*q. Let t(f) = f**3 - 4*f**2 - 2*f + 9. Let l(m) = 2*m**3 - 8*m**2 - 4*m + 19. Let k(z) = s*t(z) + 6*l(z). Give k(3).
12
Let b(z) be the second derivative of -z**5/20 + 7*z**4/12 + z**3/6 - 9*z**2/2 - 207*z. Determine b(7).
-2
Let a(m) be the first derivative of -m**4/4 - 4*m**3/3 + 3*m**2 + 4*m + 39. Let u(o) = o + 5. Let i be u(-10). Determine a(i).
-1
Let z(x) be the third derivative of x**6/120 + x**5/10 + x**4/6 + x**3/3 + x**2. Let g(v) = -23*v + 248. Let b be g(11). What is z(b)?
7
Let r(w) = -2*w + w - 11 + 0*w. Let t = 9204 + -9204. Determine r(t).
-11
Suppose 7*v - 6*v = -d, -2*v - 4*d = 10. Let l(w) = w - 1. Let i(r) = -r. Let t(u) = -5*i(u) - 3*l(u). What is t(v)?
13
Let q = -26 + 28. Let v(m) = -6*m**3 - 5*m**2 + 5*m + 5. Let k(u) = u**3 + u**2 - u - 1. Let p = 8 + -3. Let g(n) = p*k(n) + v(n). Calculate g(q).
-8
Let j(m) = 512*m**2 - 132*m**2 - 8 - 136*m**2 - 126*m**2 - 125*m**2 - m**3 - 5*m. Let u be 96/(-15) - 2/(-5). What is j(u)?
-14
Let y(p) = 9*p + 6. Let i(t) = 11*t + 9. Let a(s) = 5*i(s) - 6*y(s). Determine a(-2).
7
Let m(u) = u - 2 - 38*u**2 + 0 - 3*u**3 + 36*u**2 - 2*u**3 + 4*u**3. Determine m(-3).
4
Let y(r) = -28 - 26 - r + 95 - 35. Determine y(-7).
13
Let n(r) = -r**2 - 2*r - 5. Let j be n(0). Let d(q) be the third derivative of 0*q - 3*q**2 - 1/60*q**5 - 1/6*q**4 + 1/3*q**3 + 0. What is d(j)?
-3
Let n(v) = -v**3 - v**2. Let x = -12 - -11. Let t(h) = -6*h**3 + 2*h**2 - 8*h - 2. Let a(j) = x*t(j) + 5*n(j). Determine a(6).
14
Let p(k) = 4*k**2 - 2 - 4*k**2 - 6*k**2 + 7*k**2 + 9*k. Determine p(-9).
-2
Let t(s) = 1 + 3*s - 8*s + 19*s + 2*s + 2*s. Give t(2).
37
Let a(m) = -4*m + 0*m - 2 - 2*m**3 + 2*m + m**3 + 2*m**2. Let i(h) = -h**3 + h**2 - h - 1. Let j(c) = -a(c) + 2*i(c). Give j(2).
-8
Let r = 116 - 125. Let g(b) = b + 4. Determine g(r).
-5
Let m(z) = -2*z**2 - 3*z + 3. Suppose -29 + 5 = 8*v. What is m(v)?
-6
Let q = 43 - 40. Let j(k) = -q + 20*k - 19*k + 1. Determine j(2).
0
Let k(w) = -2*w + 14. Let q(a) = -a**3 - 15*a**2 + 16*a + 6. Let y be q(-16). Give k(y).
2
Let j(p) be the first derivative of 2 - 15*p - 1/2*p**2. Suppose 2*l = -2*o - 6, l + l - 22 = 2*o. Calculate j(o).
-8
Let z(t) be the third derivative of -t**7/2520 - 3*t**4/8 - 11*t**2. Let g(f) be the second derivative of z(f). Give g(0).
0
Let q = 191 + -189. Let x(o) = 7*o**3 + o**2 - 2*o - 1. Calculate x(q).
55
Let y(u) = -8*u + 4. Let k(q) = -2*q**2 - 5*q - 16. Let t be k(-5). Let a = 44 + t. Calculate y(a).
-20
Let n(g) = 9*g + 1. Let i = 6 - 17. Let h(x) = -x**3 - 10*x**2 + 12*x + 9. Let m be h(i). Give n(m).
-17
Let y(s) = -2*s**2 + 2*s - 3. Suppose 2*r = -2*r + 12. Suppose -5*u + 7 = -r. Suppose -8 = -3*m - p - 0, m = 2*p - u. What is y(m)?
-7
Let w(t) be the first derivative of 13*t**2/2 + 2*t + 25. Calculate w(-3).
-37
Let r(k) = -8*k**3 + k**2 + k. Suppose f = -t + 5, -3*t = -0*t + f - 13. Let o be 6/t*(-14)/21. Calculate r(o).
8
Let k(p) = -p**3 - 2*p**2 + 4*p + 5. Let w be k(-3). Let f(b) = -4*b + 3*b**2 - 8*b**w + 3 + 9*b**2 - 3*b**3. Calculate f(2).
-13
Let f(o) = -3*o**2 - 6*o - 15. Let l(y) be the second derivative of y**4/6 + y**3/2 + 4*y**2 - 8*y. Let n(m) = 3*f(m) + 5*l(m). Calculate n(4).
-1
Let h(u) be the second derivative of u**5/20 + 3*u**4/4 + u**3/6 + 5*u**2 - 36*u. Calculate h(-9).
1
Let q(t) = 2 + 0 - 7*t + t**2 - 4. Let o(b) = -2*b**3 + 13*b**2 - 6*b + 2. Let a be o(6). Let y(i) = -i**2 + 1. Let d(n) = a*y(n) + q(n). Give d(-6).
6
Let w(q) = -q - 7. Let h be w(-9). Suppose 3*z - 2*o + 6*o - 17 = 0, -h*o + 6 = 4*z. Let m(p) = 1 + 11*p**2 - 5*p**2 - 4*p**2. Calculate m(z).
3
Let o(t) be the first derivative of t**4/4 - 8*t**3/3 - 5*t**2 - 6*t - 232. What is o(9)?
-15
Let y(k) be the third derivative of 0*k + 1/8*k**4 + 1/3*k**3 + 0 - 66*k**2. Suppose 3*g - 9 = 2*f - f, 0 = -4*f - g - 10. Give y(f).
-7
Suppose -2 = -2*p - 2*v + 4, 0 = -v. Let n be (-43)/(-3) - (-24)/(-18). Let h(b) = n*b + 15*b - 31*b. Give h(p).
-9
Let s be (1 - -2)*(-1 - 0). Suppose 8*w - 13*w + 10 = 0. Let t(d) = -8 - d**w + 10 - d + d - 3*d. Determine t(s).
2
Let i(z) = 7*z**2 + 2*z + 1. Let n(v) = -v**2 - 6*v - 9. Suppose -4*r + 2 = b + 9, 0 = 3*b - 3. Let t be n(r). Determine i(t).
6
Let x(l) = -4*l - 5. Let n(k) = -3*k - 3. Let p(j) = -3*n(j) + 2*x(j). Give p(-3).
-4
Let m(b) = 11*b - 5 + 7 - 8*b + 14*b + 1. Calculate m(-2).
-31
Let o(s) = s**3 + 6*s**2 + 9*s + 12. Let x be o(-4). Let f(n) be the second derivative of -n**3/3 + n**2/2 + 3*n. Determine f(x).
-15
Let f(m) = 3 - 28 + 0*m**2 + 33 + 20 - m**2 - m**3 - m. What is f(0)?
28
Let h(f) = f**3 - 3*f**2 - f. Suppose 4*j + 3 = 2*y + 17, -j + 23 = -7*y. What is h(j)?
-6
Let g = 1/20 - -9/20. Let b(a) be the second derivative of 1/6*a**3 + 0 - 2*a - g*a**2. Determine b(-2).
-3
Let p(g) be the second derivative of 0*g**5 + 1/12*g**4 - 10*g - 1/120*g**6 + 0 + 0*g**3 - 5/2*g**2. Let k(t) be the first derivative of p(t). Calculate k(2).
-4
Let w = 27 - 13. Let b(k) = -4 + w*k**3 - 6*k**2 - 10*k**3 - 5*k**3 - 5*k. Suppose -5*z - 24 = -5*j + j, -4*j = -4. Determine b(z).
-16
Let p(d) = -d. Let w(v) = 5*v - 5 - 5 + 8. Let z(f) = 3*p(f) + w(f). Determine z(4).
6
Let v(s) = 3*s - 1. Let y(q) = q**2 - 10*q - 21. Let z be y(12). Give v(z).
8
Let f(q) = 5*q**2 + 39*q - 21. Let k be f(-8). Let o(j) = j**2 + 13*j + 3. What is o(k)?
3
Let h(w) = 3*w - 9. Let s be h(7). Suppose -16*b + s = -4*b. Let g(v) = -2*v. Calculate g(b).
-2
Let h(o) = -4*o - 614. Let f(x) = x + 123. Let i(k) = 5*f(k) + h(k). Let r(z) = z + 1. Let a be r(-6). Calculate i(a).
-4
Let g(a) = 4*a**2 - 3. Let m(n) = -11*n - n**2 + 4*n + 1 + 6*n. Let x(y) = g(y) + 5*m(y). What is x(-6)?
-4
Let y(n) = -2*n - 3. Let x = -2936 - -2933. What is y(x)?
3
Let t be 2/((-1)/3*-1). Let a(r) = r**3 - t*r**3 + 6*r**3 - 19 + 18. Calculate a(2).
7
Let v(p) = -p + 12. Let j be v(-8). Suppose z - j = 6*z. Let m(q) be the third derivative of q**4/24 + q**3/3 + q**2. Give m(z).
-2
Let l = 22 + -18. Suppose l*i = 48 + 68. Let a = 24 - i. Let v(q) = 2*q - 1. Give v(a).
-11
Let p(x) = -4*x**2 + x. Let z = -34 - -43. Suppose 8*y = z*y + 1. Calculate p(y).
-5
Let k(h) be the third derivative of h**5/60 - 3*h**4/8 - 9*h**3/2 - 400*h**2. Determine k(11).
-5
Suppose 0 = -2*r - 3*y - 2, 0*r + 5*y = -3*r - 4. Let d(p) = 5*p + 0*p**r + 2 + p**2 + 0*p**2. Let f be (-6)/7*(-252)/(-54). What is d(f)?
-2
Suppose -3*x - 3 = -5*s, -s + 3 - 4 = -x. Let a(b) = -b**2 - 2*b - 3. Let v(d) = d**3 - 8*d**2 - 15*d - 9. Let g(u) = -5*a(u) + v(u). Determine g(x).
2
Suppose -5*r = 10, -3*l - 3 - 4 = 5*r. Let a = -4 - -5. Let x(y) = -5*y + a - 2 + 0. What is x(l)?
-6
Let h(i) = 7*i**2 - 25*i + 19*i - 12*i**2 + 4*i**2. Give h(-4).
8
Let k(x) = -3*x**2 + 3*x - 3. Suppose -5*d - 7 = 3*v, d = 4*v + 1 - 7. Determine k(v).
-3
Let v(z) be the first derivative of -10*z**3/3 - z**2/2 + 3. Suppose 4*o - 5*m = -4, 2*m = -2*o - m - 2. Calculate v(o).
-9
Let a = 16 - 11. Suppose -10 = 5*n + 5, -17 = -b + a*n. Let c(i) = b + 67*i**2 + 2*i**3 - 65*i**2 - i**3. What is c(-2)?
2
Let b = 16 + -17. Let c be (-3)/9*0*b. Let l(d) be the second derivative of -d**3/6 + 3*d**2 - 3*d. Give l(c).
6
Let z(t) be the first derivative of 4*t**2 - 7*t - 413. What is z(6)?
41
Suppose -p = 4*p. Let x(t) be the third derivative of 0*t - 1/24*t**4 + 1/120*t**6 + 6*t**2 + 1/2*t**3 + 0*t**5 + 0. Calculate x(p).
3
Let t